is the highest common divisor of r and z?
1
Let d = 372 + -220. What is the greatest common factor of 8 and d?
8
Let b(j) be the second derivative of 1/3*j**3 + j**2 + 0 - 7*j. Let s be b(6). Calculate the highest common divisor of s and 126.
14
Suppose 4*m = -m + 880. Let z be ((-14)/8)/((-5)/(-60)). Let j = -5 - z. What is the highest common factor of j and m?
16
Let k be (-8)/(-4) + -3 - (-13 + 3). Let r be (6 - k)/((-9)/66). What is the greatest common divisor of r and 2?
2
Let f(r) = -r**3 - 12*r**2 + 61*r - 16. Let n be f(-16). Calculate the highest common divisor of n and 2.
2
Let z = -15 + 17. Suppose -5*q + 91 - 8 = z*m, -95 = -5*q - 5*m. Let r(w) = w**2 - 3*w - 10. Let s be r(10). Calculate the greatest common factor of q and s.
15
Let b be (-1 - 1)*-13*-9. Let u be (3/9)/((-2)/b). Suppose 3*h = -5 + 20, 2*m + 5*h = 77. What is the highest common divisor of m and u?
13
Suppose 4*d = 3*s - 384, -4*d - 43 = -s + 85. Calculate the highest common factor of s and 4.
4
Suppose 0 = 5*f - 4113 - 4287. Calculate the highest common divisor of f and 30.
30
Let b(k) = -9*k + 10. Let a be 4/14 - 60/14. Let s be b(a). Let c = s + -26. Calculate the highest common divisor of c and 4.
4
Let g(a) = 14*a + 5. Let t be g(2). Let h be 1*6*4/8. Let f = 14 - h. Calculate the highest common divisor of f and t.
11
Let l = -21 - -13. Let o(q) = q**3 + 9*q**2 + 8*q + 1. Let d be o(l). Let u be 36/(-9) + d*5. What is the highest common divisor of 1 and u?
1
Let h be 12/(-18)*(-3 + 0). Suppose z - 5*p + h = 4, 0 = -p. Suppose z*f - 250 = -5*g - 46, g - 2*f - 36 = 0. What is the greatest common factor of g and 16?
8
Suppose 5*t + o = -4*o + 15, 0 = -4*o. Let q(v) = -v**3 + 5*v**2 - 5*v + 4. Let j be q(t). Calculate the greatest common divisor of 21 and j.
7
Let y be (-2 + -9)*(-630)/165. What is the highest common factor of 24 and y?
6
Suppose 6*a = -614 + 716. What is the highest common divisor of a and 1241?
17
Suppose 5*w = -10 + 25. Suppose -s - 10 = -w*s. Let i be 102/s + 14/(-35). Calculate the highest common factor of 5 and i.
5
Let r(b) = -b**2 - 27*b - 48. Let a be r(-25). Suppose -a*d = -13 + 1. What is the greatest common factor of 54 and d?
6
Let f = 69 - 38. Suppose 73 = 2*r + f. Calculate the highest common factor of r and 84.
21
Suppose r = -3*i - 10 + 22, -2*i = 3*r - 29. Calculate the highest common divisor of r and 15.
3
Let f = -76 + 216. Suppose 3*r - 115 = 2*q, -4*q + 0*q + f = 4*r. What is the highest common factor of r and 111?
37
Let b(i) = -i**2 + 27*i - 86. Let d be b(13). What is the highest common divisor of d and 4704?
96
Suppose -25*o + 212 = -21*o. Let h = 15 + o. Calculate the greatest common divisor of 17 and h.
17
Suppose 15*j - 1056 = 3774. What is the highest common divisor of 299 and j?
23
Let c(b) = -2*b + 20. Let h be c(10). Let r = h + 11. Calculate the highest common factor of r and 88.
11
Let w = 67 + -70. Let p be (w/(18/(-4)))/(1/12). Calculate the greatest common divisor of 2 and p.
2
Suppose 2*h - 5*k - 12 - 23 = 0, k = -2*h + 53. Let u be (3/(6/4))/(22/55). Calculate the greatest common divisor of u and h.
5
Let l(p) = 9 + 6*p - 3*p + p - 6*p. Let r be l(3). Let f(o) = 2*o**2 - o + 2. Let z be f(-2). Calculate the highest common factor of r and z.
3
Suppose -455 - 4 = -27*c. Let v(x) = x**3 + 8*x**2 + 3*x - 2. Let b be v(-3). Calculate the highest common divisor of c and b.
17
Let p(k) = -k + 55*k**3 - 4*k**2 + 1 + 3 - 45*k**3. Let d be p(2). What is the greatest common divisor of d and 44?
22
Let i = -10 + 17. Suppose 0 = 5*k - 4*k - 4*m - i, -k - m + 2 = 0. Let n be -4 + 3 - k*-11. What is the highest common divisor of 16 and n?
16
Suppose 0 = 2*f - t - 5, 0 = -3*t + t + 2. Suppose -4 = w - f*l, 0*l = 4*w + 3*l - 44. What is the highest common factor of 24 and w?
8
Let p(w) = w**3 + 10*w**2 - 10*w + 8. Let k be p(-8). Let m = -104 + k. Calculate the greatest common divisor of 7 and m.
7
Suppose 2*i = 4*i - 40. Let s(c) = 7*c - 3. Let n be s(5). Suppose n = u - 8. Calculate the greatest common factor of u and i.
20
Suppose 0*a = a - 220. Suppose -3*z - 2*z - a = 0. Let g = z + 135. What is the greatest common divisor of g and 13?
13
Let f be 40*(-2 - (-15)/2). Let n = -395 - -415. Calculate the greatest common divisor of n and f.
20
Suppose -j - a + 86 = 0, -371 = -5*j + 3*a + 59. Let k = j + -70. Calculate the highest common factor of 48 and k.
16
Let h be (-87)/4 - (-33)/44. Let m = 33 + h. What is the greatest common factor of m and 12?
12
Let n(i) = i**3 - 2*i**2 - 7*i - 3. Let h be n(6). Let c be 16/1 + (1 - 8). What is the greatest common divisor of c and h?
9
Let v(n) = -n**2 - 22*n - 49. Let u be v(-7). Suppose 0 = -55*r + 57*r - u. What is the greatest common divisor of 7 and r?
7
Let m = -148 - -258. Let h(w) = -w**3 - 12*w**2 + 11*w - 16. Let l be h(-13). Calculate the highest common divisor of m and l.
10
Suppose -3*g = -g - 148. Let i = g + 71. What is the greatest common divisor of 58 and i?
29
Suppose -3*i = -b + 652, 4*i = -b - 2*b + 1891. Calculate the greatest common divisor of 49 and b.
49
Let p = 157 + 77. Calculate the greatest common factor of 18 and p.
18
Let q(o) = -o - 5. Let y be q(-7). Let j be 6/27 + (-4)/18. Let w be j + (14 + 3)*y. What is the highest common factor of w and 17?
17
Let t(p) = 11*p**2 + 5*p - 10. Let c be t(-7). Calculate the greatest common factor of 38 and c.
38
Let z = 278 + -166. Calculate the highest common divisor of 84 and z.
28
Let i be -2 + 1 - -2*2. Suppose i*h = 24 + 9. Let m be (-31)/(-3) - (63/27 - 3). What is the highest common factor of h and m?
11
Let n be -1*4/24*-6. Suppose 0 = -2*k - n + 7. Suppose 0 = -2*u + s - k + 40, 3*u + 2*s = 52. Calculate the greatest common factor of u and 6.
6
Suppose -3*n + 37 = -3*z - 41, -4*n = 2*z - 122. Calculate the greatest common divisor of n and 116.
29
Suppose 39*p - 60 = 37*p. What is the greatest common divisor of 690 and p?
30
Suppose -i - 13*i + 3094 = 0. What is the greatest common divisor of i and 91?
13
Suppose -12*z - 7 = -103. What is the greatest common factor of z and 1?
1
Suppose -4*p - h + 18 = -2*p, -p + 8 = h. Suppose 7*u - 25 = -k + 10*u, 100 = 4*k - 4*u. Suppose k = 60*q - 59*q. What is the highest common divisor of q and p?
5
Let w be (-1)/4 - (-253)/4. Let v(c) be the first derivative of -c**3/3 + c**2/2 + 21*c + 6. Let q be v(0). What is the greatest common divisor of w and q?
21
Let j = -366 - -372. Suppose 9*z - 4*z - 15 = 0. What is the highest common divisor of z and j?
3
Suppose -43*i = i - 25168. Calculate the greatest common divisor of i and 88.
44
Let x(j) = -24*j**3 + 2*j**2 + 2*j. Let t be x(-1). Let v = -18 - -21. Suppose g = 5 + v. What is the highest common factor of g and t?
8
Let i(q) = -15*q**2 + 4*q. Let w be i(1). Let m(u) = -u**2 - 13*u - 5. Let f be m(w). What is the greatest common factor of f and 17?
17
Let f(a) = a**2 + 7*a - 25. Let t be f(-10). Suppose -3*n + t*y + 50 = 0, -5*n - 2*y - y = -106. What is the greatest common factor of n and 50?
10
Suppose 57*z - 67*z + 640 = 0. What is the greatest common factor of z and 48?
16
Let o be 8/(-1)*((-30)/12 + 2). Suppose -o*c = -2*t - 2*c + 54, t - 45 = -5*c. What is the highest common factor of t and 10?
10
Let a(g) = -4*g + 16. Let q be a(7). Let l be ((-108)/10)/(q/40). Let d = l + -18. What is the highest common divisor of 90 and d?
18
Let x(w) = 2*w**2 - 23*w. Let s be x(12). Suppose 0*k - 3*k - 36 = -2*o, 3*k - s = 0. Calculate the highest common factor of 120 and o.
24
Suppose 4*x + 9*i = 34, 8*i = 4*x + 3*i - 62. Calculate the greatest common factor of 637 and x.
13
Let x = 238 - 95. What is the highest common divisor of x and 13?
13
Suppose 2*k - 36 = -8. Let o = 34 - k. Calculate the greatest common factor of 40 and o.
20
Suppose 0*w + 5*p = 4*w - 208, -2*w + 110 = -p. Calculate the highest common divisor of w and 95.
19
Let j = 531 - 265. What is the greatest common factor of 38 and j?
38
Let p(m) = -1 - 14*m + 0 - 1 + 1. Let k be p(2). Let z = k - -43. Calculate the highest common divisor of 56 and z.
14
Let y be (-2)/6*-3*2. Let t be ((-20)/12 + y)*-3. Let x be 2 + t - (-6 - -3). What is the greatest common factor of 2 and x?
2
Let z be 1462/14 - 20/(-35). Calculate the highest common factor of 15 and z.
15
Le